ne j(g).
11
Suppose -3*a = 5*l - 45 - 8, -88 = -3*a + 2*l. Suppose -4*g + a = 3*r, -3*g + 8*g = 4*r + 17. Let d(h) = -g + h**2 - 2 + 3 + h. What is d(3)?
8
Let r(v) = 2*v**3 - 13*v**2. Suppose 47*y + 12*y - 510 = -97. Calculate r(y).
49
Let d be ((-64)/(-24))/(9/((-81)/6)). Let o(h) = 23*h. Give o(d).
-92
Let i(j) = -3*j**2 - 4*j**2 + 3*j**2 - j. Let m be ((-597)/18 - -33)/(-2*(-4)/48). Give i(m).
-3
Let m(o) = -2*o**3 + 19*o**2 - 8*o - 8. Let s(j) = j**3 - 8*j**2 + 4*j + 4. Let q(k) = -2*m(k) - 5*s(k). Give q(3).
-25
Let f(j) = -6*j**3 + 21*j**2 - 16*j - 18. Let t(m) = -m**3 + 2*m**2 - m - 1. Let a(z) = f(z) - 5*t(z). What is a(10)?
-23
Let h(w) = w**3 - 16*w**2 - 17*w - 19. Suppose -14*j - 102 = -20*j. Give h(j).
-19
Let a = 6274 + -6288. Let c(l) = -l**3 - 9*l**2 + 73*l + 46. Give c(a).
4
Let j(c) = 24*c + 344. Let a be j(-14). Let i(v) = 8*v - 67. Give i(a).
-3
Let z(y) = -8*y + 30. Let o = 6589 + -6585. What is z(o)?
-2
Let q be ((10 + 9)*1)/(-1). Let m(f) = 3*f. Determine m(q).
-57
Suppose 5*d = -5*n + 247 + 1333, -3*n = -5*d - 908. Suppose 55*m - 110 = -0*m. Let o(q) = -n - q**2 + 317 - m*q - 2*q. Calculate o(-7).
-15
Let c(u) = u**2 + 3*u + 1. Let w = -338 + 342. Let n be w/(-3)*96/64. Determine c(n).
-1
Let j(f) = -9*f + 12. Let g(d) = -7*d + 12. Let h(n) = 4*n + 35. Let i be h(-10). Let s(t) = i*g(t) + 4*j(t). Determine s(0).
-12
Let o = -112 - -106. Let r(n) = 13*n + 81. Give r(o).
3
Suppose 0*x - 3*x = -12. Let s be (-3)/x*(-1 - -5). Let v(g) be the second derivative of -g**3/3 - 3*g**2/2 - 6701*g - 2. What is v(s)?
3
Suppose -64*p + k - 2 = -63*p, 2*p - 5*k = 17. Let g(y) be the second derivative of y**5/20 + 5*y**4/6 + 2*y**3 + 3*y**2 - 2*y. Determine g(p).
-21
Let t(n) = -n**3 + 6*n**2 + 3. Let v = 366 + -364. Suppose 8 = s + 2*x - 5, v*s + 2*x - 18 = 0. What is t(s)?
28
Suppose -2*f - t + 8 = -6*t, -2*t + 12 = 3*f. Let y(p) = -2*p + f*p + 5 - p + 0*p. Suppose 2*x = -0*x + 2*m - 20, 12 = 3*x + 4*m. What is y(x)?
1
Let r(a) = -a**3 - a**2 - 3*a - 108. Let j be 89/(-890) + -3*(-1)/30. Determine r(j).
-108
Let k = 180 + -176. Let w be (14/k)/((-20)/(-40)). Let g(u) = -u**3 + 7*u**2 - 2*u - 2. Calculate g(w).
-16
Let q(s) be the first derivative of s**4 + 2*s**3 + s**2 - 2*s + 6732. What is q(-2)?
-14
Let d(h) = h**3 + 6*h**2 + 2*h - 20. Let a = 1228 + -1232. Give d(a).
4
Let m be -3 + 7 + 13 + 1. Suppose 0 = -2*d + 5*d - n - 11, -d - 4*n = m. Let l(c) = 27*c**2 + 27*c**2 + 6 + 7*c - 62*c**d + c**3. What is l(6)?
-24
Let v(l) = 33*l**2 + 2*l + 1. Let p be v(-1). Let j = -5 - -11. Let a be p/12*9/j. Let r(c) = -2*c**2 + 7*c - 4. Calculate r(a).
-8
Let j(m) = m**2 + 4*m - 24. Let x(a) = 154*a - 1085. Let l be x(7). Give j(l).
-3
Let s(q) = -q**3 - 5*q**2 + 5*q - 3. Let f(n) = -7*n**2 + 7*n + 8. Let r(t) = -t**3 + 5*t**2 + 3*t - 16. Let h be r(5). Let w be f(h). Determine s(w).
3
Suppose -146 - 16 = -18*f. Let g(w) = 5*w - 4*w - 3*w + 3*w + 5 - 9. What is g(f)?
5
Suppose 0 = -26*m + 311 - 51. Let x be m - (-1 + 5 + -1). Let z(p) = 2*p**2 - 10*p - 3. Calculate z(x).
25
Let f(o) = -2 - 3 - 6*o + o**2 - 2*o. Suppose 4*d - 3*p - 744 = 0, 4*d + 563 = 7*d - p. Let h be 10/3*(d/(-15))/(-7). Calculate f(h).
-17
Let z be ((-13)/(-39))/(2/(6*2)). Suppose -2*v + 2*b + 30 = -3*b, 3*b + 2 = -z*v. Suppose -5 = 4*r - 6*r - c, -17 = -2*r - v*c. Let u(k) = -3*k. What is u(r)?
-3
Let f = -209 + -248. Let k = -454 - f. Let w(d) = 2*d**3 - 3*d**2 + 2*d + 2. Give w(k).
35
Let q(g) = 10*g**3 - 21*g**2 - 7*g + 26. Let s(d) = -3*d**3 + 7*d**2 + 2*d - 8. Let c(j) = -4*q(j) - 13*s(j). Give c(-7).
-14
Let g(i) = -3*i**3 + 5*i**2 + 3*i + 1. Let j(z) = 2 + z**2 + z + 3*z**2 + 590*z**3 + 0*z - 594*z**3. Let y(r) = -3*g(r) + 2*j(r). Determine y(8).
9
Let b(a) be the first derivative of 12 + 10*a - 1/2*a**2. Suppose -8*n + 53 - 13 = 0. Determine b(n).
5
Let a be 18*(-6)/(-9)*4/24. Let n(c) = -3 + 6 + c + c**3 + 2861*c**a - 2864*c**2. Let w = 3 - 0. Give n(w).
6
Let z(r) = 17*r + 97. Let j = 2696 + -2702. Determine z(j).
-5
Let l(o) = -5*o - 57. Suppose -20 = 1885*j - 1880*j + 5*k, 26 = -5*j - 4*k. What is l(j)?
-7
Let u(f) be the third derivative of f**5/12 + f**3/6 + f**2. Let l(b) = -10*b**3 - 49*b**2 + 66*b + 2. Let m be l(-6). Determine u(m).
21
Suppose -5*i - 7 = -32. Let k(t) be the third derivative of -t**5/60 + t**4/3 - 2*t**3/3 - 15084*t**2. Calculate k(i).
11
Let t(c) = -5*c - 1 - 4*c**2 + 0*c**2 + 3*c**2 - 2*c. Let b = -7 + 14. Let z be (3 - 1) + b/(-1). Determine t(z).
9
Let d(n) = -n**3 - 17*n**2 - 21*n - 75. Let c(v) = -34*v + 52. Let k be c(2). What is d(k)?
5
Let q(a) be the first derivative of -5*a**2 - 95*a + 2462. What is q(-10)?
5
Suppose -6*m = -0*m - 372. Suppose -m = 12*p + 34. Let f(h) be the third derivative of -h**6/120 - 7*h**5/60 + 3*h**4/8 + h**3/3 + 2*h**2. Calculate f(p).
-6
Suppose 38*f = -103 - 11. Let z(m) = m**3 - 6*m**2 + 5*m**3 - m + 4 - 8*m**3 - 2. Give z(f).
5
Let d be (-20)/30 + (-2 - (-121)/(-3)). Let v = -10 - d. Let c = -34 + v. Let s(p) = -9*p**2 + p + 1. Determine s(c).
-9
Suppose -177*a + 52938 = -20163. Let v = -162 - -368. Let z(p) = p - a + v + 209. Calculate z(-3).
-1
Let s(d) = -6*d**2 + 8*d - 6. Let l(c) = c**3 + 22*c**2 - 33*c - 228. Let p be l(-23). Give s(p).
-14
Let t(k) be the first derivative of 5*k**2/2 + 4*k + 48. Let n(c) = -14*c - 11. Let p(w) = -6*n(w) - 17*t(w). Give p(-5).
3
Let i(t) = -3*t - 3. Let m = -23 - -21. Let q be i(m). Let j(d) = -d**3 - d**2 + d + 6. Let n(w) = 1. Let g(l) = q*n(l) - j(l). Determine g(0).
-3
Let o(d) = 15*d**2 - 3*d - 4. Let y(m) = 15*m**2 - 4*m - 5. Let v(n) = -4*o(n) + 3*y(n). Let j = -5558 - -5559. What is v(j)?
-14
Let v be 1/((6/(-8))/(-3)). Suppose 2*c - 26 = -b - 3*b, -4*c - v*b + 36 = 0. Let q(w) = w**2 + 4 - 131144*w + 0 + 131138*w. What is q(c)?
-1
Let j(p) = -p**3 + 5*p**2 + 48*p - 202. Let q be ((-12364)/(-1686))/(11/6). What is j(q)?
6
Let z(u) = -u + u - 2 + 64*u**2 - 6 - 63*u**2. Let n(v) = v**3 + 9*v**2 - v - 9. Let x be n(-9). Give z(x).
-8
Let p be (-2915)/1060*(0 + 4/(-22)). Let r(i) be the second derivative of 1/6*i**4 + 0 + 1/2*i**2 + 1/3*i**3 - 38*i - p*i**5. What is r(-1)?
11
Let s = 26302 - 26304. Let t(d) = 5*d**3 + 3*d**2 + 6*d - 3. Give t(s).
-43
Let r(p) = -25*p**2 + p + 42. Let q(h) = 8*h**2 + 1. Let o(v) = -3*q(v) - r(v). Give o(-6).
-3
Let k(x) be the first derivative of -1/3*x**3 - 74 - 3*x - 4*x**2. Calculate k(-7).
4
Let t(d) = 4*d + 116. Let q(w) = 7*w + 229. Let p(b) = 3*q(b) - 7*t(b). Let i be p(-18). Let g(s) = -14*s**3 + s. What is g(i)?
-13
Let i be (((-320)/56)/10)/(1/(-14)). Let t(x) = i*x**2 + 14*x - 13*x + 0*x**2. Give t(-1).
7
Let t(m) be the first derivative of -m**3/3 + m**2 + m - 1358. Let l = -4 - 0. Let r = l - -7. Determine t(r).
-2
Let q(x) = -x**2 - 7*x + 1. Let m = -200 - -295. Suppose -m = -22*n - 271. Determine q(n).
-7
Let f(s) = 50*s - 384. Let o(r) = 34*r - 256. Let w(n) = 5*f(n) - 8*o(n). Let m be w(6). Let j(t) = 2*t**2 + 2*t - 2. Determine j(m).
22
Let z(j) = j**3 + 4*j**2 - 2*j - 1. Let v(f) = 2*f**3 + f**2 + 5*f. Let l be v(4). Let b be l/(-12) - (-1)/(-3). Let s be b/6 - (-2)/(1 - -5). Determine z(s).
11
Let c(s) = 6*s**3 - 6*s**2 + 6*s + 6. Let n(m) = -m**3 + m**2 - m. Let x(l) = -c(l) - 5*n(l). Let z = -41530 - -41530. Calculate x(z).
-6
Let l(f) = 2*f + 8. Let z = 3290 + -3292. Calculate l(z).
4
Let y(d) = -96*d**3 - 41 - 4*d**2 + 53*d**3 - 23*d**2 + 40*d + 45*d**3. Calculate y(12).
7
Let h(f) = 5*f**2 + 2*f - 3. Suppose -34*b + 29*b = -20. Let g(j) = -j**2 + 1. Let z(m) = b*g(m) + h(m). Determine z(-4).
9
Let s(f) = -8*f + 11. Let z(h) = -35*h + 46. Let r(g) = 9*s(g) - 2*z(g). What is r(-2)?
11
Let x(u) = -3*u + 215 - 99 - 111 + 4*u. Calculate x(-1).
4
Let f be 5/1*300/(-500). Let b(u) = 5*u**2 - 2*u - 3. Give b(f).
48
Let d = -91 + 114. Suppose -d = -3*z + 4*t, -2*z - 2*t + t + 8 = 0. Let y(l) = 0 - 11*l**2 - 9*l - z*l**3 + 4*l**3 + 5. What is y(-10)?
-5
Let j(y) = -y**2 + 5*y - 2. Let s(h) = 13 + h - h**3 + 19*h**2 + 21*h**2 - 49*h**2. Let k be s(-9). What is j(k)?
2
Let y(f) = -49 + 51 - 1 - 3*f - 2. Determine y(2).
-7
Let k = -115 - -116. Suppose 0 = 3*l + 2*l + 3*v - k, 4*l - 23 = 5*v. Let m(q) = -38*q - 39*q - 40*q + q**l + 7 + 125*q. What is m(-5)?
-8
Let a(o) = -o**2 + 4*o - 1. Let u(m) = 3*m**2